he remainder when 437 is divided by 20.
17
Calculate the remainder when 860 is divided by 41.
40
Calculate the remainder when 173 is divided by 10.
3
Calculate the remainder when 34 is divided by 29.
5
What is the remainder when 537 is divided by 45?
42
Calculate the remainder when 2068 is divided by 28.
24
Calculate the remainder when 6753 is divided by 29.
25
What is the remainder when 3121 is divided by 22?
19
What is the remainder when 132 is divided by 30?
12
Calculate the remainder when 18 is divided by 10.
8
Calculate the remainder when 713 is divided by 18.
11
What is the remainder when 2672 is divided by 243?
242
What is the remainder when 269 is divided by 86?
11
Calculate the remainder when 143 is divided by 12.
11
What is the remainder when 2049 is divided by 10?
9
Calculate the remainder when 238 is divided by 111.
16
Calculate the remainder when 8656 is divided by 37.
35
Calculate the remainder when 759 is divided by 130.
109
What is the remainder when 165 is divided by 18?
3
What is the remainder when 161 is divided by 25?
11
Calculate the remainder when 876 is divided by 26.
18
What is the remainder when 7149 is divided by 179?
168
Calculate the remainder when 76 is divided by 21.
13
Calculate the remainder when 239 is divided by 10.
9
Calculate the remainder when 982 is divided by 41.
39
Calculate the remainder when 23 is divided by 4.
3
Calculate the remainder when 51 is divided by 11.
7
Calculate the remainder when 1250 is divided by 120.
50
What is the remainder when 287 is divided by 9?
8
Calculate the remainder when 67 is divided by 27.
13
What is the remainder when 415 is divided by 119?
58
Calculate the remainder when 316 is divided by 89.
49
Calculate the remainder when 1020 is divided by 3.
0
Calculate the remainder when 242 is divided by 134.
108
Calculate the remainder when 149 is divided by 20.
9
Calculate the remainder when 926 is divided by 10.
6
What is the remainder when 2318 is divided by 43?
39
What is the remainder when 48 is divided by 10?
8
What is the remainder when 63 is divided by 18?
9
What is the remainder when 1137 is divided by 7?
3
What is the remainder when 314 is divided by 86?
56
Calculate the remainder when 238 is divided by 134.
104
Calculate the remainder when 3309 is divided by 13.
7
Calculate the remainder when 597 is divided by 238.
121
Calculate the remainder when 1880 is divided by 7.
4
What is the remainder when 67 is divided by 5?
2
Calculate the remainder when 1757 is divided by 160.
157
What is the remainder when 189 is divided by 39?
33
Calculate the remainder when 96 is divided by 25.
21
What is the remainder when 189 is divided by 132?
57
What is the remainder when 105 is divided by 30?
15
Calculate the remainder when 399 is divided by 40.
39
Calculate the remainder when 78 is divided by 7.
1
What is the remainder when 84247 is divided by 23?
21
Calculate the remainder when 805 is divided by 62.
61
What is the remainder when 1949 is divided by 122?
119
What is the remainder when 394 is divided by 36?
34
Calculate the remainder when 2682 is divided by 64.
58
What is the remainder when 179 is divided by 27?
17
Calculate the remainder when 546 is divided by 110.
106
What is the remainder when 919 is divided by 13?
9
Calculate the remainder when 55 is divided by 8.
7
Calculate the remainder when 340 is divided by 10.
0
What is the remainder when 217 is divided by 20?
17
What is the remainder when 544 is divided by 300?
244
What is the remainder when 159 is divided by 6?
3
Calculate the remainder when 32 is divided by 21.
11
What is the remainder when 1074 is divided by 1068?
6
Calculate the remainder when 522 is divided by 35.
32
Calculate the remainder when 2135 is divided by 21.
14
Calculate the remainder when 16 is divided by 11.
5
What is the remainder when 65 is divided by 17?
14
What is the remainder when 306 is divided by 45?
36
What is the remainder when 14435 is divided by 6?
5
Calculate the remainder when 8966 is divided by 4480.
6
What is the remainder when 1451 is divided by 15?
11
What is the remainder when 148 is divided by 92?
56
What is the remainder when 640 is divided by 273?
94
Calculate the remainder when 8 is divided by 7.
1
What is the remainder when 272 is divided by 43?
14
What is the remainder when 49 is divided by 14?
7
What is the remainder when 102 is divided by 15?
12
What is the remainder when 42 is divided by 36?
6
Calculate the remainder when 2924 is divided by 65.
64
What is the remainder when 483 is divided by 54?
51
What is the remainder when 47 is divided by 25?
22
Calculate the remainder when 625 is divided by 4.
1
Calculate the remainder when 424 is divided by 59.
11
What is the remainder when 2562 is divided by 37?
9
What is the remainder when 98 is divided by 67?
31
Calculate the remainder when 26744 is divided by 86.
84
What is the remainder when 455 is divided by 47?
32
What is the remainder when 1157 is divided by 6?
5
What is the remainder when 373 is divided by 126?
121
What is the remainder when 68 is divided by 3?
2
Calculate the remainder when 39 is divided by 6.
3
Calculate the remainder when 1728 is divided by 51.
45
What is the remainder when 490 is divided by 229?
32
What is the remainder when 381 is divided by 49?
38
What is the remainder when 882 is divided by 125?
7
What is the remainder when 1627 is divided by 48?
43
Calculate the remainder when 439 is divided by 55.
54
Calculate the remainder when 436 is divided by 214.
8
Calculate the remainder when 22 is divided by 7.
1
What is the remainder when 269 is divided by 91?
87
What is the remainder when 53 is divided by 36?
17
Calculate the remainder when 66 is divided by 11.
0
Calculate the remainder when 414 is divided by 45.
9
What is the remainder when 62 is divided by 8?
6
Calculate the remainder when 191 is divided by 28.
23
Calculate the remainder when 197 is divided by 16.
5
Calculate the remainder when 786 is divided by 71.
5
What is the remainder when 16522 is divided by 54?
52
Calculate the remainder when 649 is divided by 7.
5
Calculate the remainder when 76 is divided by 39.
37
Calculate the remainder when 27817 is divided by 26.
23
Calculate the remainder when 3462 is divided by 99.
96
Calculate the remainder when 132 is divided by 129.
3
What is the remainder when 357 is divided by 155?
47
Calculate the remainder when 911 is divided by 27.
20
What is the remainder when 416 is divided by 19?
17
What is the remainder when 3921 is divided by 25?
21
What is the remainder when 549 is divided by 69?
66
What is the remainder when 21865 is divided by 44?
41
Calculate the remainder when 359 is divided by 19.
17
What is the remainder when 3289 is divided by 26?
13
What is the remainder when 535 is divided by 44?
7
Calculate the remainder when 221 is divided by 41.
16
Calculate the remainder when 120 is divided by 62.
58
What is the remainder when 293 is divided by 5?
3
What is the remainder when 448 is divided by 42?
28
Calculate the remainder when 399 is divided by 137.
125
What is the remainder when 102 is divided by 101?
1
What is the remainder when 203 is divided by 167?
36
What is the remainder when 805 is divided by 26?
25
What is the remainder when 6280 is divided by 897?
1
What is the remainder when 152 is divided by 46?
14
Calculate the remainder when 912 is divided by 10.
2
Calculate the remainder when 30 is divided by 22.
8
What is the remainder when 180 is divided by 4?
0
What is the remainder when 72 is divided by 47?
25
What is the remainder when 1723 is divided by 4?
3
What is the remainder when 4427 is divided by 13?
7
What is the remainder when 1322 is divided by 21?
20
What is the remainder when 355 is divided by 36?
31
Calculate the remainder when 1056 is divided by 106.
102
Calculate the remainder when 263 is divided by 62.
15
What is the remainder when 206 is divided by 27?
17
What is the remainder when 384 is divided by 27?
6
What is the remainder when 833 is divided by 38?
35
What is the remainder when 22071 is divided by 62?
61
What is the remainder when 767 is divided by 99?
74
Calculate the remainder when 529 is divided by 233.
63
What is the remainder when 254 is divided by 22?
12
What is the remainder when 115 is divided by 9?
7
What is the rema